- b**3/3 - 4*b**2 - 9*b. Let c be d(-2). Calculate the highest common factor of 40 and c.
40
Let g(q) = 7*q - 67. Let y be g(11). Suppose -2*f + 8 = 3*s - s, -4*f = 2*s - 12. Calculate the highest common divisor of y and s.
2
Let h(w) = 25*w - 3. Let u be h(-1). Let f = u + 27. Let j be (f + 2)/(1/8). Calculate the highest common factor of 8 and j.
8
Let i(h) = h + 11. Let v be i(-8). Suppose 5*o = -4*m + 199, -6*o + v*o - 54 = -m. Calculate the greatest common factor of 34 and m.
17
Suppose 30697 - 526633 = -123*j. Calculate the greatest common divisor of j and 1134.
126
Let v be (736/48 + -14)/(12/63). Let p be (-65)/(-3) - (-2)/6. Suppose 176 = 2*u + p. What is the greatest common factor of v and u?
7
Let u be 2 - -1 - (3 - -3)*(-189)/6. Calculate the greatest common factor of u and 464.
16
Suppose 154*k - 158*k = -268. Let g = 5 - -129. Calculate the highest common factor of k and g.
67
Let i(q) = -q**2 + 8*q - 3. Suppose 17 = 4*w - k - 3, 0 = -2*k. Let o be i(w). Let n = -373 - -376. What is the greatest common factor of o and n?
3
Let c be (-8701)/(-119) + (-2)/17. Suppose 66*s = c*s - 5229. Calculate the greatest common factor of s and 166.
83
Let j = 2221 - 1551. Suppose -j - 44 = -3*f. Let n be ((-784)/140)/(-1 - 9/(-15)). What is the greatest common factor of f and n?
14
Let g be 2/7 + 229/7. Let f be (-1880)/(-2) + 4186 + -4235. Calculate the highest common divisor of f and g.
33
Let f = 6173 - -7603. What is the greatest common divisor of f and 123?
123
Suppose 2*t - 864 = 4*f, 5*t + 2*f = -f + 2186. What is the greatest common divisor of 981 and t?
109
Let k = 18680 - 18605. Calculate the greatest common factor of 42600 and k.
75
Let j be 13/156*-4*-1*15. Suppose -3*q - 342 = 2*k - j*k, -3*k - 3*q + 330 = 0. What is the greatest common factor of 21 and k?
7
Suppose m + 7*t = 258, 109*m - 111*m - 2*t + 528 = 0. Calculate the greatest common divisor of 4558 and m.
53
Suppose -2*f - 22 = -j, 0*j - 3*f - 51 = -3*j. Let x = 47 - 42. Suppose -x*c + 2*v = -246, -3*c = -8*c - v + 237. What is the greatest common factor of c and j?
12
Let b = 9829 - 9146. What is the highest common divisor of 2 and b?
1
Let w be (0 + (-3240)/(-25))/(16/4200*3). Calculate the greatest common factor of 56 and w.
28
Let s = 2497 - 1975. Calculate the greatest common divisor of s and 9.
9
Let t be ((-11)/3)/(51/(-3519)). Let v = -198 + t. What is the highest common factor of v and 22?
11
Let q = 411 + -404. Suppose 11*a - q - 125 = 0. Let m(p) = -36*p**3 - p**2 - p. Let k be m(-1). What is the highest common factor of a and k?
12
Suppose 0 = 19*f + 5*f - 347 - 133. Let z(s) = 3*s**2 + 5*s - 3. Let i be z(4). Calculate the highest common divisor of i and f.
5
Suppose 274 = 2*p - 5*c, -3*p - 4*c + 0*c + 434 = 0. Suppose 4847*s - 6177 = 4818*s. What is the greatest common divisor of s and p?
71
Suppose -329*o - 131749 = -280790 - 243785. What is the highest common factor of 36 and o?
6
Suppose 3629*s = 3635*s - 720. Let v(p) = 5*p - 6. Let w be v(6). Calculate the greatest common divisor of w and s.
24
Suppose -5*o + 204 + 71 = 0. Let t = 18 - o. Let n = -31 - t. What is the greatest common factor of 3 and n?
3
Suppose -4*t + 16 = 8. Suppose 4*m = -2*i - 3*i + 105, 4*m = -t*i + 42. Let o be (-1 - 2)/(-4 + 12/4). What is the highest common divisor of o and i?
3
Suppose 2*c = c, 15 = 5*v + 4*c. Suppose i = -v*i. Suppose i = -8*s + 10*s - 2. What is the highest common factor of s and 3?
1
Let y be ((-60)/(-8))/(10*12/288). Calculate the highest common divisor of 18 and y.
18
Let l(j) = -j + 634. Let q be l(-15). Calculate the highest common factor of q and 1711.
59
Let u(c) = -c**3 - 11*c**2 - 23*c - 90. Let i be u(-10). Suppose -5*y - 2*h + 61 + 10 = 0, 0 = -2*y + 5*h + i. What is the highest common factor of y and 65?
5
Let x be 4 - -18*2/(-6). Let r = 68 + x. Suppose -6*y = -5*m - 2*y + 177, 5*m - 3*y = 174. What is the greatest common factor of r and m?
33
Suppose -4*u = 3*y - 23, 50 - 47 = y + 2*u. Let m(j) = 35*j - 4. Let l be m(4). What is the highest common divisor of l and y?
17
Suppose 157*c - 149*c - 112 = 0. Suppose -c*i + 324 = -5*i. What is the highest common divisor of i and 54?
18
Suppose 4*p - 733 + 65 = -3*k, 3*k + p = 671. Let b be (-8 - -2)*28/(-12). Calculate the greatest common factor of b and k.
14
Let r(p) = 2*p + 79 - 2*p**2 - 7 + 3*p**2 + 110 - 19*p. Let o be r(26). What is the highest common factor of 312 and o?
104
Let r = -68 + 222. Let z = 41 + 110. Let w = z - 129. What is the highest common factor of w and r?
22
Suppose -11*c = -14*c + 7182. Suppose -13*s = -4*s - c. Calculate the greatest common factor of 14 and s.
14
Let j = 3 + 9. Let h(s) be the second derivative of s**4/12 + 4*s**3/3 + 27*s**2/2 + 10*s. Let b be h(-5). What is the highest common divisor of b and j?
12
Suppose 34*l + 29*l - 2271 - 11589 = 0. Suppose -50 = 27*y - 32*y. What is the greatest common factor of y and l?
10
Let x = -25361 - -25421. What is the highest common divisor of 50 and x?
10
Let r = -3 - -9. Let j(o) = -1699*o**3 + 3404*o**2 - 2*o + 4. Let d be j(2). Calculate the greatest common divisor of r and d.
6
Let s(h) = h**2 + 12*h + 30. Let r(i) = 1. Let q(b) = 3*r(b) - s(b). Let y be q(-8). What is the highest common divisor of 40 and y?
5
Let a be 6/9 + (-10)/15. Let f be (-1 - a) + (4 - (-4)/(-4)). Suppose -4*d + 258 - 30 = f*i, -4*d + 204 = -4*i. What is the greatest common divisor of d and 11?
11
Suppose -53*x = -30*x - 3450. Suppose 5*p + 5*q = 3*q + x, p = 2*q + 42. Calculate the highest common factor of p and 224.
32
Suppose 353*u - 358*u - 68360 = -2*v, -2*u = -5*v + 170963. Calculate the highest common divisor of 35 and v.
35
Suppose -20*h + 20760 = 4*h - 4*h. What is the highest common divisor of 3 and h?
3
Let v(n) = -12*n**3 - 13*n**2 + 2*n - 34. Let y be v(-7). Calculate the greatest common divisor of 219 and y.
73
Suppose 2*h = -4*z + 12166, z - 3*h - 3028 = -8*h. What is the highest common factor of z and 34?
17
Suppose 6*s + 43*s = 5352 - 1530. What is the greatest common divisor of s and 154?
2
Let b(g) = -g**2 + 17*g - 54. Suppose -5*x = -z - 3*x + 17, z - 5*x = 29. Let q be b(z). What is the highest common divisor of 12 and q?
6
Suppose 293*f = 232*f + 183. What is the highest common divisor of f and 65?
1
Let z(b) = b**3 + 71*b**2 - 4*b + 58. Let y be z(-71). Calculate the highest common divisor of y and 90.
18
Let r(i) = 5*i - 2. Let g be r(1). Let n be (5/g)/(7/21). Suppose -5*l - 180 = -n*m, -l + 60 = 5*m - 3*m. Calculate the greatest common factor of m and 256.
32
Let c = 6423 - 6042. Calculate the greatest common divisor of 3 and c.
3
Suppose -3*c + 123 = -2*x + 5*x, c = x + 39. Let y(h) = 2*h**3 + 7*h**2 - 22*h + 8. Let a be y(2). Calculate the greatest common divisor of c and a.
8
Suppose 267*i + 911209 = 2980192. Calculate the greatest common divisor of 108 and i.
27
Let v be 812/6 + (-2)/(-3). Suppose 148 = 3*r + n, -3*n - 652 = -4*r - 433. Calculate the greatest common divisor of v and r.
17
Suppose -4320*i - 90596 = -4364*i. Calculate the greatest common factor of i and 87.
29
Suppose 4*a = -3*m + 21, 9*a - 8*a - 3*m + 6 = 0. Let v be a/6*-168*-1*1. What is the greatest common factor of v and 48?
12
Let o be (2208/7)/((-119)/(-3332)). What is the greatest common divisor of o and 207?
69
Let a be -52 + 0 - 0/(-2). Let r = a + 44. Let m be (6/r)/(16/(-832)). Calculate the highest common factor of 26 and m.
13
Let n(f) = -722*f + 2249. Let c be n(0). What is the highest common divisor of 143 and c?
13
Let p(d) = d**3 + 62*d**2 - 133*d - 312. Let s be p(-64). Let c(z) = -19*z**3 - 2*z**2 - 2*z. Let h be c(-2). Calculate the highest common factor of h and s.
4
Let s = 295 + -326. Let k = 44 + s. Calculate the greatest common factor of 104 and k.
13
Suppose -549 + 35 = -6*s + 326. Calculate the highest common divisor of 3388 and s.
28
Let z(x) = 49*x + 68. Let o be z(6). Suppose 3*a + 2*n = 202, -o = -2*a - 3*a + 3*n. What is the greatest common factor of a and 14?
14
Suppose -1774 = -5*i + 2*j + 86, 0 = 4*i - 5*j - 1505. Let y = -307 + i. What is the highest common factor of 147 and y?
21
Let v = -15050 - -16359. What is the greatest common factor of v and 847?
77
Suppose 6270 + 66496 = 156*u - 4298. What is the highest co